t of h?
6
Let b = 23996 + -3780. What is the hundreds digit of b?
2
Let v(l) = -157*l + 407. What is the tens digit of v(-9)?
2
Let d(s) = s + 3. Let o = -55 - -50. Let j be d(o). Let i(c) = 11*c**2 - 2*c + 2. What is the tens digit of i(j)?
5
Let j be -2*(-9 + (-191)/2). Suppose -t + 5*p + 426 = -j, -3*t = -p - 1933. What is the tens digit of t?
4
Suppose -5*i + 0*i = 3*f + 10, 4*f = -4*i - 8. Suppose 3*m = 3*k - 9, 3*k = -f*m - m - 3. What is the units digit of (1 - -1) + (6 - k)?
8
Suppose -19*q = -6*q + 13. Let r(o) = 326*o**2 + 11*o + 11. What is the tens digit of r(q)?
2
What is the hundreds digit of 2 + 7/(280/(-32))*-545?
4
Let y(a) = -564*a - 1606. What is the tens digit of y(-4)?
5
Suppose 2*t - 59 = t - 4*u, -4*t + 4*u = -216. Let q = t - 32. Let b = 7 + q. What is the units digit of b?
0
Let h(j) be the second derivative of j**4/12 - j**3/3 - 7*j**2/2 + 9*j. Let s be h(4). What is the units digit of (4 - -82) + 0 - (-3 + s)?
8
What is the ten thousands digit of (-2)/((-10)/53650 + 0)?
1
Let a = 328 - 333. Let q(b) = 18*b**2 + 7*b + 49. What is the units digit of q(a)?
4
Suppose -49*z = -4*z - 1999679 + 350069. What is the thousands digit of z?
6
Let a(v) = -v**2 + 15*v + 5. Let m be a(0). What is the units digit of 20/(-25) - ((-1384)/m - -3)?
3
Suppose 35795 + 21718 = 6*v + 3801. What is the units digit of v?
2
Let y(p) = 3*p + 122 + 3*p - 99 + p**3 - 20*p**2. Let q be y(20). Let k = q - 80. What is the tens digit of k?
6
Let v(x) = -x**3 - 7*x**2 - 2*x - 10. Let n be v(-7). Suppose n*r - 610 = 678. What is the units digit of r?
2
Suppose 0 = 11*z - 2*z - 72. Let y(k) = -18*k + 12 + 5*k + 6*k**2 + k**2 - z. What is the hundreds digit of y(5)?
1
Let b(s) = s**3 - 5*s**2 + 6*s - 2. Suppose 3*i - 9 = 6. Suppose 5*x = 4*x + i. What is the tens digit of b(x)?
2
Let p(j) = -610*j + 326. What is the tens digit of p(-11)?
3
Let x(w) = -26*w**2 + 20. Let g(o) = -12*o**2 + 10. Let m(i) = -5*g(i) + 2*x(i). Let j be m(-3). Let k = 153 - j. What is the units digit of k?
1
What is the tens digit of 66/264 + (-53774)/(-8)?
2
Suppose -l - 44 + 293 = 0. Suppose 483 = 22*k - 1950 - 405. Let f = l - k. What is the hundreds digit of f?
1
Suppose -5*q + 8 = -2. What is the tens digit of (q - 1 - 3)*11832/(-16)?
7
Let j = 34 - -69. Let x be (-2)/5*4*10/(-4). Suppose -j = -x*f - 4*s + 197, 0 = -5*s. What is the tens digit of f?
7
Suppose 4*t - 3*t = 320. Suppose -t = -3*y + 19. Let x = y + -56. What is the tens digit of x?
5
Let f(j) = 10*j + 6. Let l = -59 + 58. Let t be f(l). What is the tens digit of (34/t)/(4/(-8))?
1
What is the hundreds digit of (-8 + ((-1365)/14)/(-13))*-6990?
4
Let f(n) = -25 - 4*n - 6*n + 0*n. Suppose -11*g = -12*g - 4*k - 4, 3*g + 56 = 10*k. What is the units digit of f(g)?
5
Suppose 374 = p - o, -7*o + 4*o - 1494 = -4*p. Suppose 556 = 4*h - p. What is the tens digit of h?
3
Suppose 428715 = -111*k + 3997474 + 2170163. What is the thousands digit of k?
1
Let v(m) = -154*m - 175. Let c be v(-8). Suppose -3*h - c + 5014 = 0. What is the hundreds digit of h?
3
Suppose 5*u + 2*b - 18 = 0, u + 2*b = -u + 6. Suppose u*y = 732 + 152. What is the hundreds digit of y?
2
What is the hundreds digit of 21005 + (27 - 32/2)?
0
Let w = 13 - 242. Let d = 340 + w. What is the tens digit of d?
1
Let f = 3038 + -2043. What is the units digit of f?
5
Suppose 5*r - 36519 = 2*h, 4*r - 78*h - 29218 = -75*h. What is the hundreds digit of r?
3
Let g(t) = t**3 - 23*t**2 + 19*t + 5. What is the thousands digit of g(31)?
8
Let p(j) = -5*j + 13*j - 3*j + 10 - 4*j. Let y be p(-2). Suppose 9*b = y*b + 110. What is the units digit of b?
0
Let p be (-190)/30*(-9)/3. Suppose 3*b - 4 = 2*t - p, 5*t - 2*b - 21 = 0. What is the tens digit of 1 + 1*(196 - t)?
9
Let a be (-3 - (-3)/((-54)/(-210)))*600. Suppose 42*i + a = 50*i. What is the tens digit of i?
5
What is the thousands digit of 232/(-1276) - (-79776)/22?
3
Let l = 80 + -77. What is the hundreds digit of -1 + 112 + (1 - l)?
1
Suppose 82254 = 6*u - 2*g, -41*u - 68556 = -46*u - 2*g. What is the units digit of u?
0
Suppose -4*d + 0*s - 3*s + 138 = 0, 4*s - 140 = -4*d. Suppose -5*q + d = -77. What is the tens digit of q?
2
What is the thousands digit of 11/1 + 53/((-1060)/(-1008120))?
0
What is the units digit of 5729/34*(-2 - -8)?
1
What is the tens digit of (-180)/(-105)*7 + 19663?
7
Let n = 12 + -12. Suppose 2*k + 4*a = -n*k - 32, -5*a + 140 = -5*k. What is the hundreds digit of k/14*(7 - 126)?
2
Let q(x) be the first derivative of -x**3/3 - 6*x**2 - 58*x + 37. Let f be q(-22). Let g = 488 + f. What is the tens digit of g?
1
Let s(l) = 627*l**2 + 216*l + 1107. What is the units digit of s(-5)?
2
Let j = 9573 + 2185. What is the thousands digit of j?
1
Suppose -5*a + 41 = 4*r, 5*r + 5*a - 6*a = 15. Suppose -5*c - r + 4 = 0. Suppose c = -m - g - 2*g + 146, -g - 134 = -m. What is the units digit of m?
7
Suppose 34*x - 378918 - 147164 = 0. What is the tens digit of x?
7
Let q(h) = -601*h - 800. What is the ten thousands digit of q(-20)?
1
Suppose 3*g - 90 = -45. Suppose -511 = -g*z + 344. What is the units digit of z?
7
Suppose -4*d - 3*y + 3 = -11, 0 = -4*d + 3*y + 2. What is the units digit of (0 - (d + -5)) + 43?
6
Suppose 4*p + 2 = -2*x - 12, x - 3 = 3*p. What is the hundreds digit of (-455 + -7 + 6)*p?
9
Let p be (-12)/(-2) + -1 - -2. Let v(f) be the third derivative of f**6/120 - 2*f**5/15 + 7*f**4/12 + f**3/6 - 2538*f**2. What is the tens digit of v(p)?
5
Suppose 0 = 13*s - 120723 + 20012. What is the hundreds digit of s?
7
Let s = -7027 - -11727. What is the hundreds digit of s?
7
Let g = -543 - -547. Suppose -g*w + 4384 = c + 4*c, -3*w + 1755 = 2*c. What is the units digit of c?
6
Let r(k) = 12*k**3 + 5*k**2 + 6*k + 7. Let g(z) = -12*z**3 - 7*z**2 - 6*z - 6. Let i(l) = 2*g(l) + 3*r(l). What is the tens digit of i(4)?
1
Let m = 129 - 129. Suppose m = 2*k + 8 - 12. Suppose -o + k*z + 31 = -14, -o + 5*z + 36 = 0. What is the units digit of o?
1
Let d = 3223 - 2287. What is the hundreds digit of d?
9
Let u(m) = m**3 - 15*m**2 - 11*m + 11. Let n be ((-56)/(-21))/((-2)/3). Let t = 12 - n. What is the tens digit of u(t)?
9
Suppose -4*y + 3478 = 2*d, -7*d = -2*d + y - 8686. What is the hundreds digit of d?
7
Suppose 3*b = -7*b + 40. What is the tens digit of (-13782)/(-54) + b/(-18)?
5
Let o = 55388 + -16254. What is the hundreds digit of o?
1
Let i = 3034 + -2005. Let c = -59 + i. What is the units digit of c?
0
Let t(m) = -4*m - 17. Let h be t(-5). Let g(x) = -4*x + 2*x**h + 4*x**2 - x**2 - 36 + 68 - 30. What is the tens digit of g(2)?
2
Suppose 42522 = -116*r + 413258. What is the tens digit of r?
9
Suppose 3*f + 0*f - 5 = i, -4*f - i = 5. Suppose 17*y - 21*y + 1328 = f. What is the hundreds digit of y?
3
Let f be (-3 - (-3)/(6/4)) + 6. Suppose -f*n = -21 - 4. Suppose -6*i + 2*i = -c + 228, -n*c = 4*i - 1164. What is the hundreds digit of c?
2
Suppose 217*m - 178100 = 204*m. Suppose 47*q + m = 67*q. What is the hundreds digit of q?
6
Suppose 3*y + 2*p - 12 = 0, 0*y + 12 = 3*y - 5*p. Suppose 4*f = f + 2889. What is the tens digit of f/15 + y/(-20)?
6
What is the tens digit of (-1 - 11)*((-3632)/8 + (-1)/(-2))?
4
Suppose 160*s - 5 = 159*s. Suppose 5*k = d - 2*d + 724, -s*k - 2771 = -4*d. What is the tens digit of d?
9
Suppose 7*z = 10*z - 720. Suppose -4*d = 16, -13*f + 9*f + 3*d = -z. What is the units digit of f?
7
Let z(v) = 11*v**2 + 11*v - 153. Let x be z(12). Let c = x + -862. What is the hundreds digit of c?
7
Let w(p) = 45 - 40 + 50*p - 33*p**2 + 32*p**2. What is the tens digit of w(27)?
2
Suppose -5*c = h + 31, -3*h + 2*c - 3*c = 23. Let q be ((-3)/h)/((-1)/(-6)). Suppose -q*p - 137 = -566. What is the units digit of p?
3
Suppose 3*k - 11390 = 2*k + 4*l, -2*k = l - 22789. Suppose 4*g + 14*g - k = 0. What is the tens digit of g?
3
Suppose 0*t = -t - z - 240, 0 = 3*t - 5*z + 688. What is the tens digit of t/(-3) + 10/30?
7
Let u(l) = 37*l + 86. Let d be u(-6). Let p = d - -941. What is the hundreds digit of p?
8
Let n(a) = -a**3 - 10*a**2 + 21*a - 6. Let f be n(-11). Let l = 321 + f. What is the tens digit of l?
0
Let z(l) = l**3 + 40*l**2 - 240*l + 81. What is the hundreds digit of z(-30)?
2
Let k(v) be the third derivative of 0 + 0*v - 12*v**2 + 1/8*v**4 - 2/3*v**3. What is the tens digit of k(8